37
What are the prime factors of 333880?
2, 5, 17, 491
List the prime factors of 7199637.
3, 181, 13259
List the prime factors of 14772519.
3, 19, 86389
List the prime factors of 1153349.
1153349
What are the prime factors of 18196204?
2, 13, 349927
List the prime factors of 1283754.
2, 3, 19, 11261
What are the prime factors of 643231?
643231
List the prime factors of 905242.
2, 13, 37, 941
What are the prime factors of 648979?
61, 10639
What are the prime factors of 1231562?
2, 229, 2689
List the prime factors of 4164972.
2, 3, 7, 179, 277
List the prime factors of 103611.
3, 34537
What are the prime factors of 1376877?
3, 458959
What are the prime factors of 863081?
863081
What are the prime factors of 1177805?
5, 103, 2287
List the prime factors of 284823.
3, 7, 11, 137
What are the prime factors of 3802298?
2, 137, 13877
What are the prime factors of 1194659?
1194659
List the prime factors of 13794435.
3, 5, 102181
List the prime factors of 2970317.
7, 424331
List the prime factors of 390545.
5, 19, 4111
What are the prime factors of 7342741?
7, 1048963
What are the prime factors of 2403959?
2403959
What are the prime factors of 78439?
78439
List the prime factors of 80605.
5, 7, 47
What are the prime factors of 658347?
3, 31, 7079
List the prime factors of 1725062.
2, 461, 1871
List the prime factors of 46764.
2, 3, 433
What are the prime factors of 1151337?
3, 11, 139, 251
What are the prime factors of 3371678?
2, 17, 131, 757
List the prime factors of 6994756.
2, 359, 4871
List the prime factors of 67200.
2, 3, 5, 7
List the prime factors of 2215157.
7, 47, 6733
What are the prime factors of 12444949?
11, 79, 14321
What are the prime factors of 294861?
3, 7, 19, 739
List the prime factors of 337600.
2, 5, 211
What are the prime factors of 242174?
2, 19, 6373
List the prime factors of 1570501.
1570501
List the prime factors of 1090454.
2, 83, 6569
List the prime factors of 427778.
2, 13, 16453
List the prime factors of 760214.
2, 7, 13, 4177
List the prime factors of 167086.
2, 19, 4397
List the prime factors of 13086480.
2, 3, 5, 11, 4957
List the prime factors of 2724060.
2, 3, 5, 83, 547
List the prime factors of 30793438.
2, 13, 1184363
What are the prime factors of 16519929?
3, 1973, 2791
What are the prime factors of 1278644?
2, 373, 857
List the prime factors of 5510682.
2, 3, 306149
List the prime factors of 406804.
2, 101701
List the prime factors of 821201.
677, 1213
List the prime factors of 52362.
2, 3, 2909
What are the prime factors of 4499514?
2, 3, 249973
What are the prime factors of 4264082?
2, 41, 149, 349
List the prime factors of 20289243.
3, 13, 23, 22619
List the prime factors of 161772.
2, 3, 13, 17, 61
What are the prime factors of 131903?
17, 7759
What are the prime factors of 159628?
2, 7, 5701
What are the prime factors of 3288274?
2, 11, 137, 1091
What are the prime factors of 2090570?
2, 5, 19, 11003
List the prime factors of 647055.
3, 5, 4793
List the prime factors of 640622.
2, 59, 61, 89
What are the prime factors of 326181?
3, 108727
List the prime factors of 1924751.
1924751
What are the prime factors of 590723?
7, 84389
What are the prime factors of 305946?
2, 3, 23, 739
List the prime factors of 9446969.
7, 1091, 1237
What are the prime factors of 13563366?
2, 3, 2260561
What are the prime factors of 728535?
3, 5, 17, 2857
List the prime factors of 299538.
2, 3, 43
List the prime factors of 234658.
2, 117329
What are the prime factors of 3385029?
3, 293, 3851
What are the prime factors of 3516178?
2, 17, 19, 5443
List the prime factors of 4032161.
7, 19, 61, 71
What are the prime factors of 544035?
3, 5, 36269
What are the prime factors of 4211124?
2, 3, 89, 3943
List the prime factors of 173660.
2, 5, 19, 457
What are the prime factors of 199003?
7, 28429
List the prime factors of 480420.
2, 3, 5, 17, 157
List the prime factors of 121646.
2, 7, 8689
What are the prime factors of 330903?
3, 36767
What are the prime factors of 63316?
2, 11, 1439
What are the prime factors of 37200000?
2, 3, 5, 31
What are the prime factors of 162344?
2, 7, 13, 223
List the prime factors of 909531.
3, 7, 14437
List the prime factors of 242075.
5, 23, 421
What are the prime factors of 1364512?
2, 42641
What are the prime factors of 854665?
5, 7, 24419
What are the prime factors of 740741?
17, 43573
List the prime factors of 10498874.
2, 5249437
What are the prime factors of 1467214?
2, 7, 104801
List the prime factors of 408053.
31, 13163
What are the prime factors of 725504?
2, 13, 109
List the prime factors of 2904885.
3, 5, 64553
List the prime factors of 5434851.
3, 107, 16931
List the prime factors of 484006.
2, 19, 47, 271
List the prime factors of 293254.
2, 13, 11279
List the prime factors of 6782859.
3, 103, 271
What are the prime factors of 13001614?
2, 6500807
List the prime factors of 7643924.
2, 167, 11443
What are the prime factors of 5416083?
3, 19, 1667
What are the prime factors of 255298?
2, 127649
What are the prime factors of 3906171?
3, 199, 727
List the prime factors of 10773317.
83, 293, 443
What are the prime factors of 86347?
79, 1093
List the prime factors of 7327.
17, 431
List the prime factors of 1727267.
43, 40169
List the prime factors of 2033894.
2, 1016947
List the prime factors of 808901.
179, 4519
What are the prime factors of 1771008?
2, 3, 1153
List the prime factors of 1688226.
2, 3, 19, 59, 251
What are the prime factors of 11668931?
1951, 5981
List the prime factors of 2785411.
43, 211, 307
What are the prime factors of 128029?
11, 103, 113
List the prime factors of 8950.
2, 5, 179
What are the prime factors of 528998?
2, 19, 13921
What are the prime factors of 2748773?
131, 20983
List the prime factors of 15578007.
3, 5192669
What are the prime factors of 2137816?
2, 267227
List the prime factors of 4583217.
3, 17, 89867
List the prime factors of 240307.
59, 4073
List the prime factors of 654951.
3, 11, 89, 223
List the prime factors of 1602644.
2, 149, 2689
List the prime factors of 125125.
5, 7, 11, 13
List the prime factors of 1693657.
7, 241951
What are the prime factors of 7460864?
2, 3643
List the prime factors of 845264.
2, 7, 7547
List the prime factors of 9497968.
2, 17, 34919
What are the prime factors of 166403?
166403
What are the prime factors of 598806?
2, 3, 13, 853
List the prime factors of 4934523.
3, 11, 149531
List the prime factors of 318281.
318281
List the prime factors of 4069698.
2, 3, 17, 2347
List the prime factors of 106572.
2, 3, 83, 107
What are the prime factors of 1928881?
61, 103, 307
What are the prime factors of 19078841?
89, 463
What are the prime factors of 4371282?
2, 3, 47, 5167
List the prime factors of 389959.
47, 8297
What are the prime factors of 11412125?
5, 91297
List the prime factors of 2636105.
5, 17, 31013
What are the prime factors of 38247287?
13, 2942099
List the prime factors of 189842.
2, 23, 4127
List the prime factors of 84686.
2, 7, 23, 263
List the prime factors of 92983.
11, 79, 107
List the prime factors of 1334404.
2, 271, 1231
What are the prime factors of 177547?
43, 4129
List the prime factors of 34443118.
2, 467, 36877
List the prime factors of 655074.
2, 3, 7, 1733
What are the prime factors of 14156725?
5, 11, 51479
List the prime factors of 2329774.
2, 31, 53, 709
What are the prime factors of 3806220?
2, 3, 5, 11, 73, 79
List the prime factors of 14949476.
2, 71, 52639
What are the prime factors of 480118?
2, 240059
What are the prime factors of 558822?
2, 3, 11, 8467
List the prime factors of 495062.
2, 247531
List the prime factors of 1534730.
2, 5, 167, 919
What are the prime factors of 490458?
2, 3, 43, 1901
What are the prime factors of 1062512?
2, 11, 6037
List the prime factors of 6800738.
2, 7, 151, 3217
What are the prime factors of 159668?
2, 179, 223
What are the prime factors of 2093585?
5, 13, 31, 1039
What are the prime factors of 2739506?
2, 7, 11, 17789
List the prime factors of 1568240.
2, 5, 19603
List the prime factors of 40271.
7, 11, 523
List the prime factors of 348616.
2, 43577
List the prime factors of 2117535.
3, 5, 7, 43, 67
List the prime factors of 74337.
3, 71, 349
What are the prime factors of 261595?
5, 113, 463
List the prime factors of 4246007.
23, 184609
What are the prime f